se 6, what is 2214231 - 2?
2214225
In base 12, what is 823 - 1a7?
638
In base 14, what is 7 - -cb0c?
cb15
In base 11, what is 68 - 227?
-16a
In base 15, what is db + 132c?
1418
In base 15, what is 41 - 882?
-841
In base 2, what is 100 + -110100101000?
-110100100100
In base 11, what is 225482 - -4?
225486
In base 6, what is 3 + -1254501?
-1254454
In base 3, what is -21002121001 - -1001?
-21002120000
In base 14, what is -56ab39 - -5?
-56ab34
In base 13, what is -31c2 + -3?
-31c5
In base 14, what is -60613 - -5?
-6060c
In base 10, what is -364849 + 0?
-364849
In base 10, what is -52058 + -13?
-52071
In base 7, what is -36 - 451?
-520
In base 8, what is 7 + -6431?
-6422
In base 4, what is -21100 - 3102?
-30202
In base 14, what is -197a + -b?
-1987
In base 6, what is 13 + 102355?
102412
In base 4, what is -13132 + 1022331?
1003133
In base 13, what is 544556 + -1?
544555
In base 8, what is -65360 + -1?
-65361
In base 6, what is 5 - -24255153?
24255202
In base 10, what is 1412 - -63?
1475
In base 4, what is 221011122 + 22?
221011210
In base 12, what is 146b - -b2?
1561
In base 6, what is -1322 + 2025?
303
In base 16, what is -e - ed7?
-ee5
In base 6, what is 45 + -154052?
-154003
In base 7, what is 54 + 5043?
5130
In base 16, what is -8a5 - 14?
-8b9
In base 4, what is -22233 - -1020?
-21213
In base 5, what is -4 - 11022212?
-11022221
In base 11, what is 151 - -6?
157
In base 11, what is 1594 - 22?
1572
In base 9, what is 27 + 1851?
1878
In base 12, what is 95 + -6a46?
-6971
In base 12, what is 77 + 3a2?
459
In base 6, what is -220 - -31?
-145
In base 8, what is 2 - 2603061?
-2603057
In base 6, what is -211520 + 0?
-211520
In base 10, what is -14 - -126740?
126726
In base 3, what is -101 - -122122000210?
122122000102
In base 3, what is 120122 - 2221110?
-2100211
In base 7, what is 22 + -315?
-263
In base 16, what is 6c963 + -5?
6c95e
In base 6, what is 142 - 215?
-33
In base 12, what is 2 + -1446a?
-14468
In base 10, what is 2595 + -183?
2412
In base 4, what is -2 + 220031?
220023
In base 2, what is -10100111 - -100011000?
1110001
In base 12, what is 164 - -21b?
383
In base 5, what is 443411 + -10?
443401
In base 5, what is 1240 + 1042?
2332
In base 7, what is 40 - 443555?
-443515
In base 8, what is -65 - 616?
-703
In base 14, what is 2 + 4499?
449b
In base 5, what is -210 - 310030?
-310240
In base 2, what is -1011011101 + -11?
-1011100000
In base 5, what is -2014 + -1214?
-3233
In base 15, what is -78 + -466b?
-46e4
In base 6, what is -3355255 + -3?
-3355302
In base 15, what is -1384c - -1?
-1384b
In base 8, what is -32 - -21613?
21561
In base 14, what is -1 + ca57?
ca56
In base 8, what is 23562 - -14?
23576
In base 6, what is -4 - 50051?
-50055
In base 10, what is 53789 - 183?
53606
In base 14, what is 5ba + 9b2?
118c
In base 6, what is -1340 + 153?
-1143
In base 2, what is 1010101001001 + 1011111?
1010110101000
In base 7, what is -51223042 - 2?
-51223044
In base 9, what is -2 + 120854?
120852
In base 5, what is 0 + 4121143?
4121143
In base 11, what is 8 - -15870?
15878
In base 7, what is 136420 + -13?
136404
In base 11, what is 1aaa - -22?
2021
In base 15, what is 6eb9 - -a4?
706d
In base 15, what is d6 + -18b8?
-17d2
In base 6, what is 2555 - 120?
2435
In base 5, what is 1022 + 240040?
241112
In base 13, what is 5 + -c37c?
-c377
In base 9, what is 305460 - -5?
305465
In base 6, what is 24444 + -5?
24435
In base 16, what is -4d41 + 0?
-4d41
In base 6, what is 5 - -32004011?
32004020
In base 11, what is -141 + -69a?
-830
In base 2, what is -1000001010 - 11110100?
-1011111110
In base 6, what is -3201331 + 4?
-3201323
In base 2, what is 10011110 - -1001?
10100111
In base 13, what is -940 - 138?
-a78
In base 2, what is 101100100111101 + -10000001?
101100010111100
In base 15, what is 1 - -651a?
651b
In base 6, what is 3 - -3032241?
3032244
In base 5, what is -113232320 + -3?
-113232323
In base 14, what is -41 + 3873?
3832
In base 3, what is -11101221 - -1111?
-11100110
In base 5, what is -3 + 443331?
443323
In base 5, what is 124021 - 1?
124020
In base 3, what is 122002122 + 101?
122010000
In base 3, what is -2100110022002 + -10?
-2100110022012
In base 2, what is -111010001001100 + -10?
-111010001001110
In base 13, what is -22c2 + 4?
-22bb
In base 3, what is 20211 + 12201?
110112
In base 11, what is -20137 - -11?
-20126
In base 5, what is -1400 - 132?
-2032
In base 4, what is 0 - -32302030?
32302030
In base 3, what is 1220122 + 1211020?
10201212
In base 14, what is -353 - 178?
-4cb
In base 14, what is 5a2 - -122?
6c4
In base 14, what is -6696 - -5?
-6691
In base 16, what is -1 + 1064e?
1064d
In base 14, what is -17488 - 3?
-1748b
In base 2, what is 1110110001001 - -110?
1110110001111
In base 5, what is -24314 - 14242?
-44111
In base 2, what is 10 + -101000111110110?
-101000111110100
In base 4, what is 1131300 - 10?
1131230
In base 7, what is 3351 - 2606?
442
In base 2, what is -11111010000101 + 11?
-11111010000010
In base 8, what is 14 + 14736?
14752
In base 6, what is -55 + 2134?
2035
In base 2, what is 110101111001011000 + 101?
110101111001011101
In base 16, what is -b - -1eca?
1ebf
In base 8, what is 4 - 13026?
-13022
In base 6, what is -2 + 12515053?
12515051
In base 11, what is -649202 + -1?
-649203
In base 2, what is -1110 - -1000100010010?
1000100000100
In base 2, what is -10001 + 110011011101?
110011001100
In base 4, what is 11 + 2012203?
2012220
In base 3, what is -1002021 - -1112?
-1000202
In base 6, what is -10433 + -2?
-10435
In base 8, what is 3 - 2552?
-2547
In base 13, what is -33a8c - 0?
-33a8c
In base 12, what is -92 + 2a9?
217
In base 8, what is -351 + -1145?
-1516
In base 9, what is 14283 + -173?
14110
In base 8, what is 22 + -145010?
-144766
In base 13, what is 8697 - -9?
86a3
In base 4, what is -13101030 - -11?
-13101013
In base 7, what is -53 - 23046?
-23132
In base 7, what is 121154 - 6?
121145
In base 15, what is 22 - -338e?
33b1
In base 9, what is 2 + -508040?
-508037
In base 3, what is 1001 + -110221?
-102220
In base 13, what is -14 - -593?
57c
In base 14, what is -533b + 4?
-5337
In base 13, what is -550a + -91?
-559b
In base 10, what is 63239 + 3?
63242
In base 15, what is 19 - 1840?
-1826
In base 4, what is 231013 + 13?
231032
In base 6, what is -42412031 - 0?
-42412031
In base 6, what is 10 - 234553?
-234543
In base 9, what is -47816 + 5?
-47811
In base 12, what is -190 - 280?
-450
In base 4, what is 1022 + -20010?
-12322
In base 11, what is -13 - -453?
440
In base 13, what is -12 - -33c3?
33b1
In base 15, what is -8d - 400?
-48d
In base 9, what is 5537 - 23?
5514
In base 14, what is 8 + 11a1?
11a9
In base 12, what is 919 - 65?
874
In base 8, what is 170 - 13611?
-13421
In base 10, what is 172 - -3028?
3200
In base 14, what is 18 + -4535?
-451b
In base 11, what is -17427 + -232?
-17659
In base 10, what is -1457 + 53?
-1404
In base 3, what is -12121210010 + -122?
-12121210202
In base 9, what is -5 + 570062?
570056
In base 12, what is -19a8b + 13?
-19a78
In base 14, what is 39969c - 4?
399698
In base 14, what is -10d28d + 5?
-10d288
In base 3, what is -2010 + 201112?
122102
In base 6, what is 400411 - -40?
400451
In base 9, what is 33 + -4631?
-4587
In base 13, what is 4 + -158383?
-15837c
In base 12, what is -74 - -1a1?
129
In base 2, what is 101 + -101001011000?
-101001010011
In base 9, what is 516 + 310?
826
In base 2, what is -1010000010011011000011 + 101?
-1010000010011010111110
In base 14, what is -2 + 4204a?
42048
In base 11, what is a8 + -88?
20
In base 12, what is -477 + 146?
-331
In base 12, what is 98504 + 4?
98508
In base 5, what is -142 + 10304?
10112
In base 15, what is -2c90 - -b?
-2c84
In base 15, what is 0 - 2e21d?
-2e21d
In base 9, what is -264 - -48?
-215
In base 11, what is -1203919 + -1?
-120391a
In base 5, what is -32 + 2103421?
2103334
In base 7, what is -3006205 + 1?
-3006204
In base 12, what is 5 - 33a6a?
-33a65
In base 10, what is 2 + -543926?
-543924
In base 13, what is -c449 + -10a?
-c556
In base 4, what is 120 - 121130?
-121010
In base 6, what is -4240 - -3021?
-1215
In base 4, what is 133011 - -200110?
333121
In base 11, what is 59542 + 4?
59546
In base 4, what is -3 - 321323101?
-321323110
In base 6, what is 40313 - -15?
40332
In base 13, what is -12 - -4273?
4261
In base 6, what is 43 - 12